{"id":2133,"date":"2017-06-08T16:47:19","date_gmt":"2017-06-08T15:47:19","guid":{"rendered":"https:\/\/www.jolivert.fr\/portfolio\/?post_type=project&#038;p=2133"},"modified":"2022-03-27T17:45:21","modified_gmt":"2022-03-27T16:45:21","slug":"journee-mondiale-de-la-securite","status":"publish","type":"project","link":"https:\/\/www.jolivert.fr\/portfolio\/projet_liste\/journee-mondiale-de-la-securite\/","title":{"rendered":"<span>Affiche et charte graphique<\/span> Journ\u00e9e Mondiale de la S\u00e9curit\u00e9 (JMS)"},"content":{"rendered":"\n<p><meta charset=\"utf-8\">De 2015 \u00e0 2017, j&rsquo;ai r\u00e9alis\u00e9 les supports de communication (affiche, programme, supports de stands, photos) de l&rsquo;\u00e9v\u00e9nement annuel de la \u00ab\u00a0Journ\u00e9e Mondiale de la S\u00e9curit\u00e9\u00a0\u00bb &#8211; JMS. <\/p>\n\n\n\n<p>Pour cette occasion, les industriels de la plateforme se r\u00e9unissent pour sensibiliser le monde \u00e0 la s\u00e9curit\u00e9. Voici une partie de la d\u00e9clinaison graphique pour cette occasion. R\u00e9alis\u00e9 avec Illustrator.<\/p>\n\n\n\n<p>Voici quelques extraits.<\/p>\n","protected":false},"author":1,"featured_media":2138,"comment_status":"closed","ping_status":"closed","template":"","format":"standard","project_cat":[197,198,161,171,167],"project_tag":[173,160,162,218,172,177],"class_list":["post-2133","project","type-project","status-publish","format-standard","has-post-thumbnail","hentry","project_cat-197","project_cat-198","project_cat-affiche","project_cat-evenementiel","project_cat-illustration","project_tag-evenementiel","project_tag-illustration","project_tag-photographie","project_tag-securite","project_tag-total","project_tag-vectoriel"],"aioseo_notices":[],"_links":{"self":[{"href":"https:\/\/www.jolivert.fr\/portfolio\/wp-json\/wp\/v2\/project\/2133"}],"collection":[{"href":"https:\/\/www.jolivert.fr\/portfolio\/wp-json\/wp\/v2\/project"}],"about":[{"href":"https:\/\/www.jolivert.fr\/portfolio\/wp-json\/wp\/v2\/types\/project"}],"author":[{"embeddable":true,"href":"https:\/\/www.jolivert.fr\/portfolio\/wp-json\/wp\/v2\/users\/1"}],"replies":[{"embeddable":true,"href":"https:\/\/www.jolivert.fr\/portfolio\/wp-json\/wp\/v2\/comments?post=2133"}],"wp:featuredmedia":[{"embeddable":true,"href":"https:\/\/www.jolivert.fr\/portfolio\/wp-json\/wp\/v2\/media\/2138"}],"wp:attachment":[{"href":"https:\/\/www.jolivert.fr\/portfolio\/wp-json\/wp\/v2\/media?parent=2133"}],"wp:term":[{"taxonomy":"project_cat","embeddable":true,"href":"https:\/\/www.jolivert.fr\/portfolio\/wp-json\/wp\/v2\/project_cat?post=2133"},{"taxonomy":"project_tag","embeddable":true,"href":"https:\/\/www.jolivert.fr\/portfolio\/wp-json\/wp\/v2\/project_tag?post=2133"}],"curies":[{"name":"wp","href":"https:\/\/api.w.org\/{rel}","templated":true}]}}

<span>Affiche et charte graphique</span> Journée Mondiale de la Sécurité (JMS)

<p><meta charset="utf-8">De 2015 à 2017, j&rsquo;ai réalisé les supports de communication (affiche, programme, supports de stands, photos) de l&rsquo;événement annuel de la « Journée Mondiale de la Sécurité » &#8211; JMS. </p>



<p>Pour cette occasion, les industriels de la plateforme se réunissent pour sensibiliser le monde à la sécurité. Voici une partie de la déclinaison graphique pour cette occasion. Réalisé avec Illustrator.</p>



<p>Voici quelques extraits.</p>
