{"id":2333,"date":"2014-09-23T12:46:41","date_gmt":"2014-09-23T11:46:41","guid":{"rendered":"https:\/\/www.jolivert.fr\/portfolio\/?post_type=project&#038;p=2333"},"modified":"2022-03-27T18:36:45","modified_gmt":"2022-03-27T17:36:45","slug":"logo-ol","status":"publish","type":"project","link":"https:\/\/www.jolivert.fr\/portfolio\/projet_liste\/logo-ol\/","title":{"rendered":"Logo et animation <span>Ol.<\/span>"},"content":{"rendered":"\n<p>Le logo Ol. est un logotype con\u00e7u cette ann\u00e9e r\u00e9v\u00e9lant le d\u00e9but de mon pr\u00e9nom Olivier. Ce logo&nbsp;r\u00e9v\u00e8le les \u00ab\u00a0coulisses\u00a0\u00bb, la partie cach\u00e9e de la conception graphique, l&rsquo;arri\u00e8re plan de la cr\u00e9ation.<\/p>\n","protected":false},"author":1,"featured_media":2375,"comment_status":"closed","ping_status":"closed","template":"","format":"standard","project_cat":[196,167,175],"project_tag":[213,180,178,177],"class_list":["post-2333","project","type-project","status-publish","format-standard","has-post-thumbnail","hentry","project_cat-196","project_cat-illustration","project_cat-video","project_tag-freelance","project_tag-logo","project_tag-motion-design","project_tag-vectoriel"],"aioseo_notices":[],"_links":{"self":[{"href":"https:\/\/www.jolivert.fr\/portfolio\/wp-json\/wp\/v2\/project\/2333"}],"collection":[{"href":"https:\/\/www.jolivert.fr\/portfolio\/wp-json\/wp\/v2\/project"}],"about":[{"href":"https:\/\/www.jolivert.fr\/portfolio\/wp-json\/wp\/v2\/types\/project"}],"author":[{"embeddable":true,"href":"https:\/\/www.jolivert.fr\/portfolio\/wp-json\/wp\/v2\/users\/1"}],"replies":[{"embeddable":true,"href":"https:\/\/www.jolivert.fr\/portfolio\/wp-json\/wp\/v2\/comments?post=2333"}],"wp:featuredmedia":[{"embeddable":true,"href":"https:\/\/www.jolivert.fr\/portfolio\/wp-json\/wp\/v2\/media\/2375"}],"wp:attachment":[{"href":"https:\/\/www.jolivert.fr\/portfolio\/wp-json\/wp\/v2\/media?parent=2333"}],"wp:term":[{"taxonomy":"project_cat","embeddable":true,"href":"https:\/\/www.jolivert.fr\/portfolio\/wp-json\/wp\/v2\/project_cat?post=2333"},{"taxonomy":"project_tag","embeddable":true,"href":"https:\/\/www.jolivert.fr\/portfolio\/wp-json\/wp\/v2\/project_tag?post=2333"}],"curies":[{"name":"wp","href":"https:\/\/api.w.org\/{rel}","templated":true}]}}

<p>Le logo Ol. est un logotype conçu cette année révélant le début de mon prénom Olivier. Ce logo&nbsp;révèle les « coulisses », la partie cachée de la conception graphique, l&rsquo;arrière plan de la création.</p>
